{"id":3,"date":"2022-05-17T09:01:13","date_gmt":"2022-05-17T09:01:13","guid":{"rendered":"http:\/\/barlacreta.it\/?page_id=3"},"modified":"2022-05-23T09:42:16","modified_gmt":"2022-05-23T09:42:16","slug":"privacy-policy","status":"publish","type":"page","link":"https:\/\/barlacreta.it\/?page_id=3","title":{"rendered":"Privacy Policy"},"content":{"rendered":"\t\t<div data-elementor-type=\"wp-page\" data-elementor-id=\"3\" class=\"elementor elementor-3\">\n\t\t\t\t\t\t\t\t\t<section class=\"elementor-section elementor-top-section elementor-element elementor-element-64ddc7f5 elementor-section-boxed elementor-section-height-default elementor-section-height-default\" data-id=\"64ddc7f5\" data-element_type=\"section\">\n\t\t\t\t\t\t<div class=\"elementor-container elementor-column-gap-default\">\n\t\t\t\t\t<div class=\"elementor-column elementor-col-100 elementor-top-column elementor-element elementor-element-4f5aa671\" data-id=\"4f5aa671\" data-element_type=\"column\">\n\t\t\t<div class=\"elementor-widget-wrap elementor-element-populated\">\n\t\t\t\t\t\t\t\t<div class=\"elementor-element elementor-element-4e407881 elementor-widget elementor-widget-text-editor\" data-id=\"4e407881\" data-element_type=\"widget\" data-widget_type=\"text-editor.default\">\n\t\t\t\t<div class=\"elementor-widget-container\">\n\t\t\t<style>\/*! elementor - v3.6.5 - 27-04-2022 *\/\n.elementor-widget-text-editor.elementor-drop-cap-view-stacked .elementor-drop-cap{background-color:#818a91;color:#fff}.elementor-widget-text-editor.elementor-drop-cap-view-framed .elementor-drop-cap{color:#818a91;border:3px solid;background-color:transparent}.elementor-widget-text-editor:not(.elementor-drop-cap-view-default) .elementor-drop-cap{margin-top:8px}.elementor-widget-text-editor:not(.elementor-drop-cap-view-default) .elementor-drop-cap-letter{width:1em;height:1em}.elementor-widget-text-editor .elementor-drop-cap{float:left;text-align:center;line-height:1;font-size:50px}.elementor-widget-text-editor .elementor-drop-cap-letter{display:inline-block}<\/style>\t\t\t\t<p><!-- wp:heading --><\/p>\n<h2><!-- wp:heading --><\/h2>\n<h1>Privacy sui dati<\/h1>\n<p><strong>Bar la Creta <\/strong>si impegna a proteggere i dati personali e ad assicurare che le misure di sicurezza organizzative e tecniche siano in atto. \u00a0<\/p>\n<p><strong>Privacy Policy generale<\/strong><\/p>\n<p><strong>Bar la Creta <\/strong>si impegna a proteggere i dati personali e ad assicurare che siano messe in atto misure di sicurezza organizzative e tecniche per proteggere i dati personali, sia che si acquistino servizi o prodotti, sia che si ricevano newsletter o semplicemente si navigi nel sito Web di <strong>Bar la Creta<\/strong><\/p>\n<p>Questa Informativa sulla privacy generale di <strong>Bar la Creta<\/strong><strong>\u00a0<\/strong>\u00e8 una linea guida aziendale per gli standard di protezione dei dati applicabili all\u2019interno di <strong>Bar la Creta<\/strong><strong>\u00a0<\/strong>\u00e8 progettata per soddisfare i requisiti legali di protezione dei dati. La nostra societ\u00e0 vincolata da queste norme con riferimento all\u2019utilizzo di dati personali appartenenti a clienti, consumatori finali e fornitori. \u00a0<\/p>\n<p>Utilizzando il sito web <strong>Bar la Creta<\/strong><strong>\u00a0<\/strong>o acquistando servizi o merce <strong>Bar la Creta<\/strong>, acconsenti alla raccolta e al trattamento dei tuoi dati personali da parte di <strong>Bar la Creta<\/strong><strong>\u00a0<\/strong>come descritto nella presente informativa sulla privacy.<\/p>\n<p><strong>Dati personali e finalit\u00e0 del trattamento dei dati<\/strong><\/p>\n<p><strong>Bar la Creta <\/strong>\u00e8 un fornitore di servizi e prodotti. La figura con cui si entra in contatto \u00e8 il responsabile del trattamento dei dati personali ricevuti e trattati per l\u2019utente nell\u2019ambito della fornitura di servizi all\u2019utente o come parte di te che visita il nostro sito web.\u00a0\u00a0 \u00a0<\/p>\n<p><strong>Bar la Creta <\/strong>raccoglie dati personali su di te come cliente, ad esempio i dettagli\u00a0 come nome, cognome, titolo, azienda, numero di telefono, indirizzo postale o e-mail.\u00a0\u00a0 \u00a0<\/p>\n<p><strong>Bar la Creta <\/strong>non richiede queste informazioni per ottenere l\u2019accesso a qualsiasi parte del sito web aperta al pubblico.\u00a0\u00a0 \u00a0<\/p>\n<p>Indipendentemente dal tuo scopo, ti consigliamo di non divulgare dati personali sensibili come origine razziale o etnica, religione, appartenenza sindacale, orientamento sessuale, salute, dati genetici o biometrici ecc.\u00a0\u00a0 \u00a0<\/p>\n<p><strong>Bar la Creta <\/strong>pu\u00f2 ricevere dati personali su da te da altri responsabili del trattamento dei dati allo scopo di fornire o assistere i servizi o le richieste da parte di <strong>Bar la Creta<\/strong><strong>\u00a0<\/strong>come beneficiario finale di un particolare servizio. Su tua richiesta, <strong>Bar la Creta<\/strong><strong>\u00a0<\/strong>pu\u00f2 sempre fornire l\u2019identit\u00e0 di queste parti.\u00a0\u00a0 \u00a0<\/p>\n<p>I tuoi dati personali vengono elaborati principalmente per soddisfare l\u2019accordo stipulato con <strong>Bar la Creta<\/strong><strong>\u00a0<\/strong>o per prendere provvedimenti per fornire o assistere le tue richieste (ad esempio durante il completamento di un modulo di contatto, come parte di una registrazione o di un sondaggio).<\/p>\n<p><strong>Divulgazione di dati a terzi<\/strong><\/p>\n<p>In generale, <strong>Bar la Creta<\/strong><strong>\u00a0<\/strong>non condivide le informazioni con terze parti ad eccezione di fornitori di servizi e consulenti. In alcune circostanze, tuttavia, potrebbe essere necessario che <strong>Bar la Creta<\/strong><strong>\u00a0<\/strong>trasferisca o condivida dati con particolari soggetti terzi. Tali circostanze possono includere i trasferimenti necessari per <strong>Bar la Creta<\/strong><strong>\u00a0<\/strong>al fine di adempiere ai suoi obblighi legali, per proteggere i diritti, la propriet\u00e0 e la sicurezza di <strong>Bar la Creta <\/strong>o di altri o in caso di vendita \/ liquidazione di qualsiasi parte dell\u2019attivit\u00e0 o dei beni di <strong>Bar la Creta<\/strong><strong>\u00a0<\/strong>\u00a0<\/p>\n<p>Su tua richiesta, <strong>Bar la Creta<\/strong><strong>\u00a0<\/strong>pu\u00f2 fornirti l\u2019identit\u00e0 di tali terze parti.<\/p>\n<p><strong>I tuoi diritti come interessato<\/strong><\/p>\n<p>Hai il diritto di:\u00a0\u00a0 \u00a0<\/p>\n<ul>\n<li>Ottenere l\u2019aggiornamento dei tuoi dati personali corretti e \/ o la rettifica se non sono corretti;<\/li>\n<li>Essere informato sui tuoi dati personali che <strong>Bar la Creta<\/strong><strong>\u00a0<\/strong>sta trattando;<\/li>\n<li>Opporti e\/o chiedere la cancellazione al trattamento dei dati personali.<\/li>\n<\/ul>\n<p>\u00a0<\/p>\n<p>Qualsiasi consenso che potrebbe essere stato fornito durante il processo pu\u00f2 essere revocato\u00a0 in qualsiasi momento: \u00e8 sufficiente contattarci utilizzando i dettagli di contatto forniti di seguito.<\/p>\n<p><strong>Contattaci sulla privacy<\/strong><\/p>\n<p>In caso di domande sul contenuto della presente Informativa sulla privacy o sui diritti dell\u2019utente:<\/p>\n<p>\u00a0<\/p>\n<p><strong>Invia un reclamo<\/strong><\/p>\n<p>Se desideri sporgere reclamo o segnalare un trattamento non conforme dei tuoi dati personali, puoi contattarci all\u2019indirizzo sopracitato.\u00a0\u00a0\u00a0\u00a0\u00a0\u00a0 \u00a0<\/p>\n<p>Oppure puoi anche presentare un reclamo all\u2019Autorit\u00e0 Garante.<\/p>\n<p><strong>\u00a0<\/strong><\/p>\n<p><strong>Cookies<\/strong><\/p>\n<p>Per far funzionare bene questo sito, a volte installiamo sul tuo dispositivo dei piccoli file di dati che si chiamano \u201ccookies\u201d. Anche la maggior parte dei grandi siti fanno lo stesso. \u00a0<\/p>\n<p><strong>Cosa sono i cookies?<\/strong><\/p>\n<p>Un cookie \u00e8 un piccolo file di testo che i siti salvano sul tuo computer o dispositivo mobile mentre li visiti. Grazie ai cookies il sito ricorda le tue azioni e preferenze (per es. login, lingua, dimensioni dei caratteri e altre impostazioni di visualizzazione) in modo che tu non debba reinserirle quando torni sul sito o navighi da una pagina all\u2019altra. \u00a0<\/p>\n<p><strong>Come utilizziamo i cookies?<\/strong><\/p>\n<p>In alcune pagine utilizziamo i cookies per ricordare: \u00a0<\/p>\n<ul>\n<li>le preferenze di visualizzazione, per es. le impostazioni del contrasto o le dimensioni dei caratteri<\/li>\n<li>se hai gi\u00e0 risposto a un sondaggio pop-up sull\u2019utilit\u00e0 dei contenuti trovati, per evitare di riproportelo<\/li>\n<li>se hai autorizzato l\u2019uso dei cookies sul sito.<\/li>\n<\/ul>\n<p>\u00a0<\/p>\n<p>Inoltre, alcuni video inseriti nelle nostre pagine utilizzano un cookie per elaborare statistiche, in modo anonimo, su come sei arrivato sulla pagina e quali video hai visto. \u00a0<\/p>\n<p>Non \u00e8 necessario abilitare i cookies perch\u00e9 il sito funzioni, ma farlo migliora la navigazione. \u00c8 possibile cancellare o bloccare i cookies, per\u00f2 in questo caso alcune funzioni del sito potrebbero non funzionare correttamente. \u00a0<\/p>\n<p>Le informazioni riguardanti i cookies non sono utilizzate per identificare gli utenti e i dati di navigazione restano sempre sotto il nostro controllo. Questi cookies servono esclusivamente per i fini qui descritti.<\/p>\n<p>\u00a0<\/p>\n<p><strong>Come controllare i cookies?<\/strong><\/p>\n<p>Puoi controllare e\/o verificare i cookies come vuoi \u2013 per saperne di pi\u00f9, vai su\u00a0<a href=\"http:\/\/aboutcookies.org\/\">aboutcookies.org<\/a>. Puoi cancellare i cookies gi\u00e0 presenti nel computer e impostare quasi tutti i browser in modo da bloccarne l\u2019installazione. Se scegli questa opzione, dovrai per\u00f2 modificare manualmente alcune preferenze ogni volta che visiti il sito ed \u00e8 possibile che alcuni servizi o determinate funzioni non siano disponibili.<\/p>\n<p><!-- \/wp:paragraph --><\/p>\t\t\t\t\t\t<\/div>\n\t\t\t\t<\/div>\n\t\t\t\t\t<\/div>\n\t\t<\/div>\n\t\t\t\t\t\t\t<\/div>\n\t\t<\/section>\n\t\t\t\t\t\t\t<\/div>\n\t\t","protected":false},"excerpt":{"rendered":"<p>Privacy sui dati Bar la Creta si impegna a proteggere i dati personali e ad assicurare che le misure di sicurezza organizzative e tecniche siano in atto. \u00a0 Privacy Policy generale Bar la Creta si impegna a proteggere i dati personali e ad assicurare che siano messe in atto misure di sicurezza organizzative e tecniche [&hellip;]<\/p>\n","protected":false},"author":1,"featured_media":0,"parent":0,"menu_order":0,"comment_status":"closed","ping_status":"open","template":"","meta":{"om_disable_all_campaigns":false,"_monsterinsights_skip_tracking":false,"_monsterinsights_sitenote_active":false,"_monsterinsights_sitenote_note":"","_monsterinsights_sitenote_category":0},"_links":{"self":[{"href":"https:\/\/barlacreta.it\/index.php?rest_route=\/wp\/v2\/pages\/3"}],"collection":[{"href":"https:\/\/barlacreta.it\/index.php?rest_route=\/wp\/v2\/pages"}],"about":[{"href":"https:\/\/barlacreta.it\/index.php?rest_route=\/wp\/v2\/types\/page"}],"author":[{"embeddable":true,"href":"https:\/\/barlacreta.it\/index.php?rest_route=\/wp\/v2\/users\/1"}],"replies":[{"embeddable":true,"href":"https:\/\/barlacreta.it\/index.php?rest_route=%2Fwp%2Fv2%2Fcomments&post=3"}],"version-history":[{"count":3,"href":"https:\/\/barlacreta.it\/index.php?rest_route=\/wp\/v2\/pages\/3\/revisions"}],"predecessor-version":[{"id":196,"href":"https:\/\/barlacreta.it\/index.php?rest_route=\/wp\/v2\/pages\/3\/revisions\/196"}],"wp:attachment":[{"href":"https:\/\/barlacreta.it\/index.php?rest_route=%2Fwp%2Fv2%2Fmedia&parent=3"}],"curies":[{"name":"wp","href":"https:\/\/api.w.org\/{rel}","templated":true}]}}